
10111000110
In base 16, what is 2 - 14702?
-14700
In base 4, what is 1013 + 101121?
102200
In base 11, what is -5 + -92468?
-92472
In base 16, what is -31e + ee?
-230
In base 16, what is 7 + 1da91?
1da98
In base 10, what is -3437141 + 5?
-3437136
In base 2, what is -100000111111110 + -10100?
-100001000010010
In base 8, what is 2 + 261752?
261754
In base 7, what is 3 - -20636?
20642
In base 12, what is -2 - 6047?
-6049
In base 16, what is -1 - -3596?
3595
In base 12, what is 1705 + -1?
1704
In base 14, what is 69 + -865?
-7da
In base 6, what is -3 - -21141?
21134
In base 3, what is 2221 + -110202011?
-110122020
In base 7, what is -112 + 10032?
6620
In base 6, what is -5 + 20155?
20150
In base 15, what is -572c + -7?
-5734
In base 13, what is -63b - -43?
-5c8
In base 7, what is -26445 - -12?
-26433
In base 14, what is -cd78 + -6?
-cd80
In base 8, what is 21204 - 27?
21155
In base 6, what is 24154 + 4?
24202
In base 14, what is 146 + 9c?
204
In base 5, what is -14234 + -104?
-14343
In base 4, what is -1102 - 10233?
-12001
In base 15, what is -42b - -66?
-3b5
In base 10, what is 167668 - -4?
167672
In base 11, what is -13476 - 5?
-13480
In base 3, what is -102212101212 + 0?
-102212101212
In base 12, what is -3 - -18ab5?
18ab2
In base 15, what is -20d4 - -1e?
-20b5
In base 10, what is -233 - -2843?
2610
In base 6, what is -154225 - -11?
-154214
In base 2, what is -1011100 - -100001100100101?
100001011001001
In base 5, what is -2 - -322341?
322334
In base 3, what is -110222010 + 10011?
-110211222
In base 14, what is 79a10 - 0?
79a10
In base 4, what is 2321 - -3332?
12313
In base 4, what is 13302 + 123?
20031
In base 2, what is -111110111100011 - -1100?
-111110111010111
In base 8, what is -122617 + 5?
-122612
In base 3, what is -1121011111002 + 10?
-1121011110222
In base 8, what is -5 + -222755?
-222762
In base 13, what is -18a3 - -2b?
-1875
In base 9, what is 23 - 13425?
-13402
In base 16, what is -2d9e - -1?
-2d9d
In base 6, what is -344041 - -25?
-344012
In base 12, what is -42b8 - -16?
-42a2
In base 3, what is 2220122 + 110022?
10100221
In base 10, what is -305 + 438?
133
In base 2, what is -1110001111000 - -1011?
-1110001101101
In base 2, what is 1 + 100010010010011010?
100010010010011011
In base 11, what is -171 + -23?
-194
In base 4, what is 210202 + 1?
210203
In base 11, what is -150714 - 5?
-150719
In base 2, what is -111110 - -111011100?
110011110
In base 12, what is -3a74 + 6?
-3a6a
In base 14, what is 49 + -526?
-4bb
In base 10, what is -36 - 17466?
-17502
In base 9, what is 5731 - -178?
6020
In base 4, what is 12 + 10133001?
10133013
In base 6, what is -20522 + 151?
-20331
In base 11, what is -5 + -a30a0?
-a30a5
In base 3, what is 120002122 - 0?
120002122
In base 15, what is -1 - -69d?
69c
In base 13, what is 335 + -25cb?
-2296
In base 3, what is 201210 + -22?
201111
In base 7, what is 12 + -146555?
-146543
In base 14, what is 172 + 124b?
13bd
In base 7, what is 33354 - -1306?
34663
In base 4, what is 33030312 + 111?
33031023
In base 6, what is 31512215 + 2?
31512221
In base 12, what is 156956 - -11?
156967
In base 14, what is 3 + b094d?
b0952
In base 12, what is 15 - -655?
66a
In base 9, what is 0 - 13370?
-13370
In base 8, what is 625 - 12266?
-11441
In base 11, what is -51 + -7438?
-7489
In base 6, what is 22402001 - 1?
22402000
In base 15, what is -41ad3 - -4?
-41ace
In base 13, what is -9 + 54b?
542
In base 15, what is 4 - 43292?
-4328d
In base 15, what is -287 - 580?
-817
In base 13, what is -9ac64 + 5?
-9ac5c
In base 9, what is -30 + 565?
535
In base 12, what is -43 - -64?
21
In base 5, what is 10204 + 320?
11024
In base 6, what is 1501431 - -21?
1501452
In base 5, what is -120431343 - 1?
-120431344
In base 10, what is -258804 + 2?
-258802
In base 4, what is -23 - -3010003?
3003320
In base 8, what is 755367 + 3?
755372
In base 8, what is -3072652 + -3?
-3072655
In base 13, what is 2 - 4107?
-4105
In base 3, what is -12 + -1002100220?
-1002101002
In base 9, what is -87 - -240?
142
In base 2, what is 101 + -100011110001000?
-100011110000011
In base 10, what is -11665 + 41?
-11624
In base 13, what is -1a - 87?
-a4
In base 3, what is 10021000121 - -1012?
10021001210
In base 13, what is -7183cb - -4?
-7183c7
In base 14, what is 18562a - 4?
185626
In base 16, what is -6b653 - -1?
-6b652
In base 11, what is -8551 + -9?
-855a
In base 10, what is 294 - -165?
459
In base 14, what is 4 - -27db4?
27db8
In base 12, what is 819 - -a?
827
In base 10, what is -33499 - 4?
-33503
In base 10, what is -3 + 9920?
9917
In base 16, what is -55 - 53?
-a8
In base 8, what is 4021724 + 1?
4021725
In base 9, what is -85788 - 43?
-85842
In base 8, what is -6032 + 62?
-5750
In base 10, what is -2 - 632?
-634
In base 15, what is 272eac + -5?
272ea7
In base 14, what is 1931 - -1?
1932
In base 12, what is 21 - -38081?
380a2
In base 15, what is -27d + 56?
-227
In base 10, what is -4 + -14519?
-14523
In base 5, what is 20 + -1301210?
-1301140
In base 4, what is -23 - -11130120?
11130031
In base 2, what is 11000010110111000 + 1?
11000010110111001
In base 9, what is -751 - -66?
-674
In base 13, what is 0 - 5821?
-5821
In base 3, what is 1221100112 - 1?
1221100111
In base 4, what is 112 - -20003?
20121
In base 15, what is 1a6 + 64d?
804
In base 13, what is 3 + 4a90c?
4a912
In base 11, what is 5 - -17812?
17817
In base 14, what is -1b - -7c?
61
In base 9, what is -3853 - -5?
-3847
In base 13, what is 3021 - -4?
3025
In base 2, what is -100 - -110111010110100?
110111010110000
In base 9, what is 107 + 2181?
2288
In base 11, what is -2a0 - -35?
-266
In base 5, what is 404 + -3344?
-2440
In base 3, what is -1002022112012 + 100?
-1002022111212
In base 8, what is -2 + -334057?
-334061
In base 12, what is -2 - -24838?
24836
In base 15, what is -4 + -7827?
-782b
In base 3, what is 20202002 + -11?
20201221
In base 4, what is -32120 + 12113?
-20001
In base 5, what is -4 + -1311442?
-1312001
In base 2, what is -1111001011001 + -100000?
-1111001111001
In base 13, what is a141a0 - 2?
a1419b
In base 10, what is 15403 + -6?
15397
In base 8, what is -1 - -1154641?
1154640
In base 12, what is -15 - 1775?
-178a
In base 7, what is 1222463 + -2?
1222461
In base 16, what is 1 - -19db5?
19db6
In base 5, what is -11420 - 13?
-11433
In base 2, what is 1000101110000011 - -1010?
1000101110001101
In base 3, what is -1002 - -211201?
210122
In base 13, what is c7b4 + -5?
c7ac
In base 11, what is 4 + -79a6?
-79a2
In base 12, what is 22797 - -7?
227a2
In base 3, what is -10002101 + 20102?
-2211222
In base 15, what is -3 - 2ae4b?
-2ae4e
In base 7, what is 42006 + 4?
42013
In base 12, what is -914 + 49?
-887
In base 3, what is 0 - 21021222221?
-21021222221
In base 15, what is -eb + -6cd?
-7c9
In base 3, what is -20222 + 2211?
-11011
In base 16, what is 0 + d553?
d553
In base 13, what is 91 - -1ca4?
2065
In base 16, what is -524 + 1f?
-505
In base 11, what is -252a4 - 2?
-252a6
In base 2, what is -101101111000 - 111101110?
-110101100110
In base 12, what is 2756 - 23?
2733
In base 11, what is 27a392 + -1?
27a391
In base 14, what is 3494 + -16?
347c
In base 10, what is 0 - -43825?
43825
In base 10, what is 9105 + -4?
9101
In base 12, what is -33192 + -12?
-331a4
In base 14, what is 384 - -d4?
478
In base 8, what is 25505670 - -2?
25505672
In base 3, what is -10121012 - 212?
-10122001
In base 16, what is 1 - 4174?
-4173
In base 6, what is -503044 + 132?
-502512
In base 16, what is -46f19 + -3?
-46f1c
In base 7, what is -106 + 2145?
2036
In base 11, what is -3773a + 5?
-37735
In base 7, what is -5 - -43114?
43106
In base 6, what is -21 - -35244?
35223
In base 7, what is -1562 + -15?
-1610
In base 16, what is -10af + 325?
-d8a
In base 7, what is -121 - 6213?
-6334
In base 2, what is -111 - -1011100111000?
1011100110001
In base 10, what is -3180 + -59?
-3239
In base 13, what is 4 - 1320?
-1319
In base 16, what is -2 + dc1?
dbf
In base 9, what is -4 - 65518?
-65523
In base 16, what is 23bdf - 5?
23bda
In base 3, what is 1100200221 + -1122?
1100122022
In base 8, what is -745 - 14145?
-15112
In base 10, what is 185277 - 3?
185274
In base 9, what is 2 - 82047?
-82045
In base 12, what is -26328 + 2?
-26326
In base 13, what is -46 - b6a?
-bb3
In base 10, what is -4 - 944?
-948
In base 8, what is -41162 + 5?
